 Let c = -3 - t. List the prime factors of c.
3, 37
What are the prime factors of (-21)/((6/6 + 0)/(-23))?
3, 7, 23
Let z = -1769 + 2501. List the prime factors of z.
2, 3, 61
Let c(r) = 4*r**3 + 21*r**2 + 15*r - 21. Let p(y) = -7*y**3 - 41*y**2 - 29*y + 42. Let f(v) = -5*c(v) - 3*p(v). What are the prime factors of f(-17)?
2
Let h(n) = 3*n + 6. Let c be h(-4). What are the prime factors of 34 - ((-2)/c)/(4/(-12))?
5, 7
List the prime factors of (-18)/(-117) + 10444/52.
3, 67
Let y(b) = -168*b**3 - 3*b**2 + 2*b + 4. What are the prime factors of y(-1)?
167
List the prime factors of -5 + 494 + 0/11.
3, 163
Suppose -24*x + 25*x - 4 = 0. Suppose -x*g + 112 = -0*g. List the prime factors of g.
2, 7
Let p(b) = 9*b + b**2 + 11*b - 24 - 11*b. What are the prime factors of p(-15)?
2, 3, 11
Let m(o) = 2*o**3 - 6*o**2 - 9*o + 9. Suppose -5*v + 25 = -0*x + 2*x, -16 = 3*v - 5*x. Let h be (-10)/(-5) - v*-1. What are the prime factors of m(h)?
2
Let s be (12/(-9))/(-4)*(68 - -1). Suppose 0 = -w + s + 71. List the prime factors of w.
2, 47
Let y = -1694 + 2301. What are the prime factors of y?
607
Suppose 36 = 2*p - 3*k, 15 = -3*p + 2*k + 59. Let w = p - -32. List the prime factors of w.
2, 11
Suppose 3*x = 75 + 1197. List the prime factors of x.
2, 53
Suppose -1308 = -7*w + 218. What are the prime factors of (-2)/(-4) + w/4?
5, 11
Let a(l) = -l**3 + 11*l**2 + 5*l - 13. Let g = 34 - 23. What are the prime factors of a(g)?
2, 3, 7
Suppose -2*q + 2227 = -3229. What are the prime factors of q?
2, 11, 31
List the prime factors of (-4 - 130/(-20))*(-1732)/(-10).
433
List the prime factors of 1*(-8)/14 - 90794/(-154).
19, 31
Let l be 8/8 + (0 - -97). Suppose 5*y = 5*m - 210, 5*m - 4*y + 5*y = 222. Suppose -r = 2*h - l, -5*h - 5*r + 201 = -m. What are the prime factors of h?
7
What are the prime factors of (0 - 114/8)/((-6)/24)?
3, 19
Suppose 3*g = -0*g + 4*k + 2135, -2*k - 3563 = -5*g. What are the prime factors of g?
23, 31
Let o = -156 - -166. Suppose o*i + 566 = 3566. What are the prime factors of i?
2, 3, 5
Suppose w + 2 = -w, 0 = -4*q - 5*w + 19. What are the prime factors of 1 - (q/(-3) + 19)/(-1)?
2, 3
Let y = -108 + 181. What are the prime factors of (0 - -1) + 0 + y?
2, 37
Let h be (-1)/(-3) - 87/(-9). Suppose -s + 11 = 3*o + 1, -h = 2*s. Suppose -o*w + 22 = 3*i - 67, 5*w = -5*i + 135. What are the prime factors of i?
23
Let s(g) = -6*g + 2 - 1 + 97*g**2 - 43*g**2 + 4*g. What are the prime factors of s(1)?
53
Let h(o) = -53*o**3 + 2*o**2 + 27*o + 68. List the prime factors of h(-3).
2, 359
Let n be 22/77 + 282/(-7). Let q = n + -82. Let g = -77 - q. What are the prime factors of g?
3, 5
Suppose -18*c = -7291 + 865. What are the prime factors of c?
3, 7, 17
Let r(u) = 2*u + 26. Let a = 32 - 26. List the prime factors of r(a).
2, 19
What are the prime factors of 96*(34/(-51))/(8/(-45))?
2, 3, 5
Let f(k) = -3*k + 4 - 2*k + 3*k + 3*k. Let y be f(5). Let l(p) = -p**3 + 11*p**2 - 14*p + 10. List the prime factors of l(y).
2, 23
Let d(f) = -f**2 + 9*f - 17. Let l be d(8). List the prime factors of (l/6)/(6/(-488)).
2, 61
Let r = 306 + -191. Let l = -54 + r. List the prime factors of l.
61
Let g(a) = 2*a**3 + a**2 + 2. Let c be g(-3). Let k = -86 - c. Let m = -19 - k. What are the prime factors of m?
2, 3
List the prime factors of (0 - -2) + (-37)/((-555)/45000).
2, 19, 79
Let j be (0/(-1))/(5 + -4). Suppose j = -3*g + 3*n + 201, -3*g + 8*g = -5*n + 285. What are the prime factors of g?
2, 31
Let p = 809 + -469. Suppose 5 = -f + 2*f, 0 = -5*g - 2*f + p. What are the prime factors of g?
2, 3, 11
Let u = 25 + 231. Suppose 12*v - u = 4*v. Suppose -o - 4*o + 94 = 3*d, 2*o = -4*d + v. What are the prime factors of o?
2, 5
Suppose 285 = 3*d + 5*r, -5*d + 285 = -2*d - 3*r. Let u = -66 + d. List the prime factors of u.
29
Let d be 32/24*3/(-2). Suppose -i + 31 = -1. List the prime factors of (30/(-24))/(d/i).
2, 5
Let x = 1374 + -562. List the prime factors of x.
2, 7, 29
Suppose 36*q = 31980 - 1308. What are the prime factors of q?
2, 3, 71
Suppose 2*t = 3*t - 3. Suppose 0 = 5*y + t*r - 34, -3*r - 9 = -6*r. Suppose i + 5*w - 13 = 11, 3*w - 98 = -y*i. List the prime factors of i.
19
Let v be 33/11 - 4/(-2). Let k be (-5)/(-10) - (-207)/2. Suppose 102 = 5*m - 4*y, v*m - 2*y - y = k. What are the prime factors of m?
2, 11
Let b = -74 - -124. Suppose -8 = -o + b. What are the prime factors of o?
2, 29
Let d = -733 + 1918. What are the prime factors of d?
3, 5, 79
Suppose -459 = 3*x - 1974. Let f = x + -241. What are the prime factors of f?
2, 3, 11
Let u = -39 - -53. Suppose 76 = 5*r + 2*k, r + 4*k - 12 = u. List the prime factors of r.
2, 7
Suppose -2*u - 5*h - 21 = 0, 9 + 6 = -5*u - 5*h. Suppose -3*j = u*z - 23 - 0, 5*z - 68 = -4*j. What are the prime factors of z?
2
Let h(u) = u**3 + 6*u**2 - 6*u - 4. Let g be h(5). Let x = g + -135. List the prime factors of x.
2, 53
Let w = -12 - -18. Suppose w*o - o = 770. Suppose 0 = g - 3, -4*r + o = -2*g + 60. List the prime factors of r.
5
Let b(t) = -t**2 + 8*t - 6. Let a be b(6). Suppose -5*n + 16 = a. Suppose -n*q + r + 7 = -11, 19 = q + 2*r. List the prime factors of q.
11
Let i be (-1)/(4 + -5) - -38. Let g(z) = -3*z + 6*z + 47 - i. List the prime factors of g(14).
2, 5
Let f = -13 - 53. Let j = 102 + f. What are the prime factors of j?
2, 3
Let t = 17 - 43. Let a = t - -13. Let j = 31 + a. List the prime factors of j.
2, 3
Let m(d) = 5*d**3 - 39*d**2 - 24*d + 9. Let q(i) = -2*i**3 + 13*i**2 + 8*i - 3. Let y(v) = -3*m(v) - 8*q(v). List the prime factors of y(-6).
3, 67
Let c(o) be the first derivative of -o**4/4 - 5*o**3/3 - o**2/2 + 5*o + 2. Suppose v + 17 = -4*h, 45 = -4*h + 3*v + 16. List the prime factors of c(h).
2, 5
Let x(q) = 167*q + 1. Let o be x(1). Suppose 14*a + o = 15*a. Suppose 280 = 5*p + i, 2*i - a = -3*p + i. What are the prime factors of p?
2, 7
Suppose 1 + 5 = 3*q. Suppose 246 = -q*s + 2*g, -113 = s - 0*s + 4*g. Let p = -81 - s. List the prime factors of p.
2, 5
Let k(c) = -7*c - 2. Let t be k(1). Let i(u) = 2*u + 13. Let z be i(t). Let d = z + 14. List the prime factors of d.
3
Suppose -3*p + 5*a - 3554 = -7*p, -3542 = -4*p + a. What are the prime factors of p?
2, 443
Suppose -4*v + 30 = v. Let p be (30/(-8))/(v/(-16)). List the prime factors of 274/10 - 4/p.
3
Let q = -24 - -11. Let c = 4 + q. List the prime factors of (19 - -1) + c/3.
17
Suppose -2*z + b = z - 150, 3*b = -z + 60. Let x = -34 + z. Suppose 2*m = 5*a + m - 123, -a + 4*m + x = 0. What are the prime factors of a?
5
Let c = 640 - 288. Suppose 0*w + 2*w - 2 = 0, -4*w + c = 4*u. Suppose -4*q + u = -q. What are the prime factors of q?
29
Let c(k) = 2*k**3 + k**2. Let f be c(1). Let h be (-2)/(-2 - -3 - f). Suppose b = h + 14. What are the prime factors of b?
3, 5
Suppose p = 4*i - 156 - 299, 4*i - 446 = -2*p. Let r = -62 + i. What are the prime factors of r?
3, 17
Suppose -v + 3*v = 4*b - 702, -687 = -4*b - v. Let y = -63 + b. What are the prime factors of y?
2, 5, 11
Let n be (-4)/16 + (-34)/(-8). Suppose -6*a + 538 = -4*a - n*q, -3*a = 2*q - 815. List the prime factors of a.
271
Let c = 4 - -4. Let m = -6 + c. Suppose -m*u + 52 = q, -3*q - u = -8*q + 249. What are the prime factors of q?
2, 5
Suppose 11*m + 1462 = 7006. What are the prime factors of m?
2, 3, 7
Let m(y) = y**3 - y**2. Let x be m(0). Suppose x*d + 3*d = 408. Suppose 0 = -4*a + d - 36. List the prime factors of a.
5
Let s be (56/(-10))/(2/(-10)). Suppose -8*d + d = s. List the prime factors of -96*(21/6 + d).
2, 3
Let o(r) = 47*r**2 + 16*r - 11. List the prime factors of o(-5).
2, 271
Suppose n - 4*k - 27 = -6, 0 = -3*n - 5*k + 80. Suppose 0 = 5*c - n + 5. Suppose 0*a - 64 = -c*a. List the prime factors of a.
2
Suppose 0 = -10*h - 97 - 43. What are the prime factors of (-655)/(-35) + (-4)/h?
19
Let j(p) = p**3 - 3*p**2 - 4*p - 1. Let w = 8 + -4. Let x be j(w). What are the prime factors of (x + -18)/(-2 - -1)?
19
Let l = 353 + -91. What are the prime factors of l?
2, 131
Suppose j - 280 = -6*j. Let q = -29 + j. List the prime factors of q.
11
Suppose -4*z + 0*i = 4*i - 20, i = -3*z + 11. Suppose 6 = 4*v + z*t, 0*t = -2*v - t + 4. Suppose -v*w + 105 = 2*w. List the prime factors of w.
3, 7
Let x be (-2)/(((-4)/1)/2). Let v(a) be the second derivative of a**3/3 + a**2/2 + 7*a. 